0
-44301
What is 951 (base 11) in base 5?
14040
Convert -48b (base 13) to base 3.
-1002022
Convert 182a7 (base 11) to base 13.
b89c
Convert 1510 (base 7) to base 6.
2431
Convert 23014 (base 7) to base 5.
141332
Convert 11101011111 (base 2) to base 11.
1466
-111101111 (base 2) to base 8
-757
What is -1322314 (base 5) in base 6?
-323024
Convert -1001100100 (base 2) to base 5.
-4422
Convert 388 (base 15) to base 3.
1002202
10222 (base 5) to base 7
2001
-18859 (base 10) to base 11
-13195
-417 (base 14) to base 16
-325
What is -1002000 (base 3) in base 2?
-1100001111
Convert -20135 (base 7) to base 5.
-124002
What is 2202 (base 8) in base 6?
5202
Convert -462 (base 10) to base 16.
-1ce
What is 2424 (base 6) in base 11?
499
Convert 30504 (base 8) to base 14.
484c
101110010001 (base 2) to base 15
d26
Convert 1110301 (base 4) to base 2.
1010100110001
What is -1031503 (base 6) in base 11?
-35302
202 (base 9) to base 5
1124
-1235 (base 12) to base 3
-2211012
2572 (base 9) to base 8
3610
1101110111011 (base 2) to base 15
2184
Convert -2112 (base 7) to base 11.
-617
What is -1122021 (base 3) in base 9?
-1567
Convert -142014 (base 5) to base 12.
-34a4
What is -19232 (base 12) in base 8?
-107406
-c79 (base 14) to base 3
-10101002
What is -357 (base 12) in base 4?
-13303
Convert -2aa (base 12) to base 8.
-642
What is -366 (base 7) in base 6?
-523
11300 (base 5) to base 12
589
Convert -1050 (base 12) to base 5.
-24123
What is -1349 (base 15) in base 13?
-1b4b
What is 414 (base 8) in base 10?
268
-3617 (base 11) to base 16
-1281
What is -66 (base 10) in base 16?
-42
Convert -210023 (base 5) to base 11.
-51a2
-2212010 (base 3) to base 16
-822
23311 (base 4) to base 11
629
What is 458 (base 11) in base 16?
223
What is -15aaa (base 12) in base 2?
-111100011100010
425 (base 15) to base 8
1647
Convert 203013 (base 4) to base 3.
10002020
What is 1a3 (base 14) in base 8?
523
Convert 1555 (base 7) to base 2.
1001110100
-1541 (base 6) to base 7
-1141
Convert 1011101100000100 (base 2) to base 16.
bb04
Convert 2607 (base 9) to base 10.
1951
Convert 211010 (base 3) to base 12.
419
What is -19a93 (base 12) in base 2?
-1001001111001111
What is 11100100100 (base 2) in base 11?
1412
What is 111201 (base 4) in base 2?
10101100001
79 (base 14) to base 7
212
1010110010101110 (base 2) to base 14
12178
-5277 (base 9) to base 15
-1237
Convert 27584 (base 9) to base 12.
a9aa
4a24 (base 15) to base 8
36650
Convert 12212 (base 13) to base 9.
50618
-28a51 (base 11) to base 5
-2304241
Convert 251 (base 9) to base 11.
17a
Convert -14120 (base 5) to base 10.
-1160
Convert 3441 (base 7) to base 9.
1643
What is 6aa (base 11) in base 5?
11341
What is -11421 (base 6) in base 15?
-764
Convert -1b6 (base 13) to base 8.
-476
-36457 (base 8) to base 2
-11110100101111
3024 (base 7) to base 15
49c
1c (base 14) to base 12
22
Convert -2413234 (base 5) to base 2.
-1010111100010011
What is -21122120 (base 3) in base 15?
-19bc
Convert 9227 (base 11) to base 8.
27732
43063 (base 9) to base 10
28488
Convert 627 (base 12) to base 11.
744
Convert -298 (base 10) to base 15.
-14d
13153 (base 6) to base 13
bbb
What is -220202 (base 5) in base 12?
-4454
-2100220122 (base 3) to base 8
-133000
-2232033 (base 4) to base 15
-3486
121310 (base 4) to base 10
1652
Convert 304 (base 11) to base 2.
101101111
Convert -12002121 (base 3) to base 6.
-25111
What is 41a4 (base 16) in base 9?
25041
What is -56035 (base 7) in base 5?
-422324
What is 150414 (base 7) in base 4?
13011123
Convert baa (base 16) to base 2.
101110101010
What is 1625 (base 9) in base 14?
646
10 (base 14) to base 3
112
What is -6b5 (base 13) in base 6?
-5214
What is -514 (base 15) in base 14?
-5ba
Convert 62 (base 10) to base 16.
3e
40231 (base 11) to base 12
2a074
-24504 (base 6) to base 4
-320320
What is -241133 (base 7) in base 10?
-43634
Convert -1000001011101 (base 2) to base 3.
-12202011
-101044 (base 5) to base 15
-e84
Convert 314221 (base 7) to base 8.
152043
12021202 (base 3) to base 4
330032
10279 (base 10) to base 3
112002201
Convert -60363 (base 7) to base 13.
-684c
Convert 9874 (base 12) to base 3.
212000221
372a (base 13) to base 6
100054
-11130 (base 4) to base 6
-1340
What is -113153 (base 8) in base 7?
-220160
Convert -110605 (base 7) to base 5.
-1111012
Convert -1d5d (base 15) to base 2.
-1100011110100
What is 3444 (base 5) in base 12?
357
-24521 (base 6) to base 5
-104044
What is -40153 (base 6) in base 10?
-5253
-1255 (base 6) to base 12
-22b
What is -121111 (base 4) in base 15?
-731
What is 440002 (base 5) in base 12?
8822
348 (base 12) to base 2
111101000
26 (base 12) to base 9
33
-1693 (base 10) to base 7
-4636
1387 (base 9) to base 4
100123
What is -2033333 (base 4) in base 15?
-2ae5
5026 (base 7) to base 4
123013
17990 (base 10) to base 13
825b
What is 20011121 (base 3) in base 16?
1192
Convert 438 (base 15) to base 5.
12303
What is -2625 (base 8) in base 15?
-654
-103223 (base 9) to base 15
-132e9
What is 11203 (base 4) in base 12?
257
What is 16a8 (base 15) in base 12?
29ab
What is 546 (base 10) in base 2?
1000100010
-3222 (base 15) to base 5
-314412
What is -581c (base 13) in base 12?
-71a2
What is 5861 (base 11) in base 10?
7690
-143542 (base 6) to base 15
-415e
1120210111 (base 3) to base 15
939d
What is -7754 (base 11) in base 6?
-115155
Convert -3515 (base 6) to base 7.
-2306
21013200 (base 4) to base 13
13cc8
14 (base 6) to base 3
101
Convert -20103 (base 6) to base 10.
-2631
86110 (base 9) to base 15
11d1c
Convert -25100 (base 7) to base 13.
-2cb1
Convert -2273 (base 10) to base 5.
-33043
110 (base 3) to base 8
14
What is b257 (base 14) in base 10?
30653
Convert -154124 (base 6) to base 11.
-10443
Convert -976 (base 10) to base 15.
-451
What is -53453 (base 6) in base 2?
-1110010001001
36 (base 12) to base 4
222
What is 2310042 (base 5) in base 8?
120470
528 (base 15) to base 8
2213
What is 10202 (base 3) in base 14?
73
2669 (base 13) to base 6
41235
What is -2000111 (base 3) in base 8?
-2677
10100010111 (base 2) to base 12
907
874 (base 11) to base 16
419
What is 602 (base 15) in base 13?
800
a01 (base 15) to base 5
33001
-1204 (base 10) to base 4
-102310
1722 (base 11) to base 5
32302
1399 (base 14) to base 15
1062
What is 2747 (base 9) in base 11?
1610
What is -2cd (base 16) in base 14?
-393
What is 1b895 (base 12) in base 9?
62225
Convert -2406 (base 7) to base 4.
-31320
101 (base 7) to base 16
32
What is b10 (base 13) in base 7?
5313
1041 (base 8) to base 12
395
What is -171 (base 13) in base 12?
-199
What is 4050 (base 14) in base 6?
123050
What is c5d (base 16) in base 10?
3165
What is -61d (base 14) in base 5?
-14303
Convert -12110 (base 15) to base 12.
-29413
Convert 11110100101100 (base 2) to base 8.
36454
Convert -2517 (base 12) to base 15.
-139a
What is -1001000000001 (base 2) in base 15?
-1574
What is 97 (base 10) in base 7?
166
203023 (base 5) to base 14
25c2
-3010 (base 5) to base 8
-574
1013434 (base 5) to base 4
10011220
Convert 1310211 (base 4) to base 5.
214321
What is 43698 (base 10) in base 4?
22222302
Convert -20201 (base 6) to base 15.
-bca
4010 (base 6) to base 12
606
Convert 13323 (base 6) to base 9.
2746
Convert 125 (base 15) to base 11.
217
-1b0b (base 15) to base 4
-1123211
What is 1154 (base 14) in base 16?
bc6
Convert -1ca (base 13) to base 16.
-14f
22322 (base 4) to base 3
221212
Convert 1455 (base 8) to base 9.
1103
691b (base 12) to base 7
46034
Convert 358 (base 11) to base 14.
226
What is -11001101000 (base 2) in base 4?
-121220
Convert -113002 (base 5) to base 8.
-10037
-35202 (base 7) to base 8
-21472
What is -785 (base 13) in base 14?
-684
What is 2744 (base 15) in base 4?
2003011
-2630 (base 8) to base 14
-744
Convert 21111 (base 3) to base 2.
11001010
What is 152 (base 7) in base 14?
62
35b (base 13) to base 12
407
What is -3a1 (base 14) in base 7?
-2061
Convert -4f4 (base 16) to base 9.
-1658
-3360 (base 8) to base 5
-24101
-110001101111000 (base 2) to base 12
-128a0
Convert -12b (base 13) to base 8.
-316
What is -54520 (base 6) in base 7?
-30654
Convert -448 (base 16) to base 15.
-4d1
-67b9 (base 16) to base 14
-9969
-635 (base 8) to base 12
-2a5
What is -3032231 (base 4) in base 14?
-4b6d
Convert -177 (base 11) to base 5.
-1310
Convert -22633 (base 7) to base 12.
-343a
-16